reatest common divisor of 156 and 48?
12
Calculate the greatest common divisor of 14 and 92.
2
Calculate the greatest common factor of 825 and 110.
55
Calculate the highest common factor of 21 and 8.
1
What is the highest common divisor of 36015 and 15?
15
Calculate the greatest common divisor of 57 and 2337.
57
Calculate the greatest common divisor of 81 and 297.
27
Calculate the greatest common divisor of 15 and 855.
15
What is the greatest common factor of 177 and 21181?
59
What is the greatest common factor of 11 and 150?
1
What is the highest common factor of 220 and 1540?
220
What is the highest common divisor of 1792 and 280?
56
What is the highest common divisor of 720 and 3180?
60
What is the highest common divisor of 9823 and 141?
47
What is the highest common factor of 18 and 1224?
18
Calculate the greatest common factor of 47 and 376.
47
What is the greatest common divisor of 12 and 642?
6
Calculate the greatest common divisor of 1001 and 4576.
143
What is the greatest common divisor of 37 and 333?
37
Calculate the greatest common divisor of 42 and 1344.
42
Calculate the greatest common factor of 30 and 202.
2
Calculate the greatest common factor of 30 and 48.
6
Calculate the highest common divisor of 474 and 158.
158
Calculate the greatest common factor of 660 and 20.
20
What is the highest common factor of 1792 and 40?
8
Calculate the greatest common divisor of 18 and 270.
18
Calculate the greatest common factor of 207 and 15.
3
What is the greatest common factor of 93 and 75?
3
Calculate the greatest common divisor of 4 and 20.
4
Calculate the highest common factor of 275 and 1975.
25
What is the greatest common factor of 500 and 900?
100
Calculate the greatest common divisor of 3434 and 101.
101
Calculate the greatest common divisor of 35 and 231.
7
Calculate the greatest common divisor of 30 and 240.
30
Calculate the greatest common factor of 745 and 1639.
149
Calculate the highest common factor of 4 and 68.
4
What is the greatest common factor of 817 and 19?
19
Calculate the greatest common factor of 76 and 4.
4
What is the greatest common factor of 6 and 47568?
6
Calculate the greatest common factor of 25047 and 138.
69
What is the highest common divisor of 385 and 15?
5
Calculate the greatest common factor of 8 and 30.
2
What is the highest common factor of 156 and 273?
39
What is the highest common factor of 84 and 228?
12
Calculate the greatest common factor of 3320 and 160.
40
Calculate the greatest common divisor of 3886 and 232.
58
Calculate the highest common factor of 86 and 10277.
43
What is the highest common divisor of 731 and 17?
17
Calculate the highest common factor of 891 and 2.
1
Calculate the highest common divisor of 96 and 24.
24
What is the greatest common divisor of 675 and 27?
27
Calculate the highest common divisor of 1052 and 8.
4
What is the greatest common divisor of 9 and 171?
9
Calculate the highest common divisor of 145 and 20.
5
What is the highest common divisor of 210 and 1470?
210
Calculate the highest common factor of 124 and 13516.
124
Calculate the highest common factor of 100 and 12000.
100
What is the greatest common divisor of 30 and 240?
30
What is the greatest common divisor of 290 and 174?
58
Calculate the greatest common divisor of 15 and 615.
15
What is the highest common factor of 416 and 91?
13
What is the greatest common factor of 923 and 104?
13
Calculate the greatest common factor of 584 and 36.
4
Calculate the highest common factor of 10 and 1670.
10
What is the greatest common factor of 22 and 2255?
11
Calculate the highest common factor of 188 and 47.
47
Calculate the highest common factor of 209 and 3838.
19
Calculate the greatest common factor of 1313 and 101.
101
Calculate the greatest common factor of 118 and 3599.
59
What is the greatest common divisor of 1728 and 378?
54
What is the highest common factor of 60 and 210?
30
What is the highest common divisor of 693 and 198?
99
What is the greatest common factor of 247 and 65?
13
What is the highest common factor of 3744 and 234?
234
Calculate the highest common factor of 1647 and 27.
27
Calculate the greatest common divisor of 900 and 96.
12
What is the highest common factor of 1334 and 92?
46
Calculate the greatest common factor of 6 and 2307.
3
Calculate the highest common factor of 672 and 84.
84
What is the highest common divisor of 6 and 28?
2
Calculate the greatest common divisor of 368 and 115.
23
What is the greatest common factor of 495 and 440?
55
What is the highest common factor of 96 and 72?
24
Calculate the highest common divisor of 6692 and 12.
4
What is the greatest common factor of 10 and 9305?
5
Calculate the highest common divisor of 224 and 700.
28
Calculate the highest common divisor of 224 and 728.
56
Calculate the greatest common factor of 85 and 10.
5
Calculate the greatest common factor of 17 and 51.
17
What is the greatest common divisor of 1956 and 348?
12
What is the greatest common factor of 378 and 108?
54
What is the greatest common divisor of 11 and 2046?
11
Calculate the highest common divisor of 24 and 516.
12
Calculate the highest common factor of 2576 and 2392.
184
What is the highest common divisor of 215 and 172?
43
Calculate the greatest common divisor of 522 and 232.
58
Calculate the greatest common factor of 228 and 1710.
114
Calculate the highest common divisor of 4 and 580.
4
Calculate the highest common divisor of 45 and 1035.
45
What is the highest common factor of 988 and 76?
76
What is the greatest common divisor of 320 and 1580?
20
What is the greatest common factor of 189 and 153?
9
What is the highest common factor of 4485 and 207?
69
What is the greatest common factor of 374 and 68?
34
Calculate the greatest common factor of 48 and 264.
24
What is the highest common factor of 288 and 12?
12
Calculate the highest common divisor of 28 and 616.
28
Calculate the highest common divisor of 322 and 1058.
46
What is the greatest common factor of 407 and 74?
37
What is the highest common divisor of 130 and 8?
2
Calculate the highest common divisor of 84 and 444.
12
What is the highest common divisor of 825 and 50?
25
Calculate the highest common divisor of 988 and 52.
52
Calculate the greatest common factor of 38 and 171.
19
Calculate the greatest common factor of 36 and 1446.
6
Calculate the highest common divisor of 5 and 5.
5
What is the greatest common factor of 475 and 380?
95
Calculate the highest common divisor of 9 and 57.
3
What is the highest common divisor of 55 and 1408?
11
What is the highest common factor of 244 and 4?
4
What is the greatest common divisor of 16415 and 67?
67
What is the highest common divisor of 14 and 1848?
14
What is the highest common divisor of 55 and 44?
11
Calculate the greatest common factor of 1008 and 18.
18
Calculate the greatest common divisor of 25 and 2075.
25
Calculate the highest common divisor of 1 and 25.
1
Calculate the highest common divisor of 213 and 3.
3
Calculate the greatest common factor of 2200 and 55.
55
Calculate the greatest common divisor of 96 and 12.
12
Calculate the highest common divisor of 109 and 19.
1
Calculate the highest common factor of 28452 and 12.
12
What is the highest common divisor of 16 and 1?
1
Calculate the highest common factor of 118 and 3186.
118
What is the highest common divisor of 30 and 1970?
10
What is the greatest common divisor of 2997 and 54?
27
Calculate the highest common factor of 198 and 88.
22
What is the greatest common factor of 9654 and 30?
6
Calculate the greatest common divisor of 868 and 28.
28
Calculate the greatest common factor of 460 and 280.
20
What is the greatest common divisor of 8 and 1504?
8
What is the highest common divisor of 95 and 1273?
19
What is the highest common divisor of 115 and 5?
5
What is the greatest common factor of 198 and 3663?
99
Calculate the greatest common factor of 972 and 1053.
81
What is the greatest common divisor of 330 and 75?
15
Calculate the greatest common factor of 1462 and 34.
34
Calculate the highest common divisor of 22 and 902.
22
What is the greatest common divisor of 18 and 86382?
18
What is the highest common factor of 800 and 130?
10
Calculate the greatest common factor of 117 and 3627.
117
What is the greatest common divis